{"id":223,"date":"2026-02-18T17:36:42","date_gmt":"2026-02-18T17:36:42","guid":{"rendered":"https:\/\/haerenga-voyage.com\/?page_id=223"},"modified":"2026-03-19T15:13:00","modified_gmt":"2026-03-19T15:13:00","slug":"blog-travel-planner","status":"publish","type":"page","link":"https:\/\/haerenga-voyage.com\/index.php\/blog-travel-planner\/","title":{"rendered":"Blog : Conseils &amp; inspirations | Haerenga Voyage"},"content":{"rendered":"\n<p>Bienvenue sur le blog Haerenga Voyage \ud83c\udf3f<\/p>\n\n\n\n<p>Vous y trouverez des id\u00e9es de destinations, des conseils pratiques et des inspirations pour organiser vos voyages en toute s\u00e9r\u00e9nit\u00e9.<\/p>\n\n\n\n<p>Je vous partage ici mes d\u00e9couvertes, mes conseils et des id\u00e9es d\u2019itin\u00e9raires pour vous aider \u00e0 cr\u00e9er un voyage qui vous ressemble.<\/p>\n\n\n\n<div class=\"wp-block-group alignfull has-raft-bg-background-color has-background is-layout-constrained wp-container-core-group-is-layout-ca21e7af wp-block-group-is-layout-constrained\" style=\"margin-top:0;margin-bottom:0;padding-top:var(--wp--preset--spacing--80);padding-right:var(--wp--preset--spacing--40);padding-bottom:var(--wp--preset--spacing--80);padding-left:var(--wp--preset--spacing--40)\">\n<div class=\"wp-block-query is-layout-constrained wp-block-query-is-layout-constrained\"><ul class=\"wp-block-post-template is-layout-flow wp-block-post-template-is-layout-flow\"><li class=\"wp-block-post post-388 post type-post status-publish format-standard has-post-thumbnail hentry category-uncategorized\">\n\n<div class=\"wp-block-group is-layout-constrained wp-container-core-group-is-layout-7918c2e5 wp-block-group-is-layout-constrained\" style=\"margin-bottom:var(--wp--preset--spacing--60)\"><figure style=\"aspect-ratio:16\/9;\" class=\"wp-block-post-featured-image\"><a href=\"https:\/\/haerenga-voyage.com\/index.php\/2026\/04\/01\/organiser-un-voyage-en-angleterre-itineraire-et-conseils\/\" target=\"_self\"  ><img loading=\"lazy\" decoding=\"async\" width=\"1080\" height=\"1350\" src=\"https:\/\/haerenga-voyage.com\/wp-content\/uploads\/2026\/04\/Guide-Angleterre-3.png\" class=\"attachment-post-thumbnail size-post-thumbnail wp-post-image\" alt=\"Organiser un voyage en Angleterre : itin\u00e9raire et conseils\" style=\"width:100%;height:100%;object-fit:cover;\" srcset=\"https:\/\/haerenga-voyage.com\/wp-content\/uploads\/2026\/04\/Guide-Angleterre-3.png 1080w, https:\/\/haerenga-voyage.com\/wp-content\/uploads\/2026\/04\/Guide-Angleterre-3-240x300.png 240w, https:\/\/haerenga-voyage.com\/wp-content\/uploads\/2026\/04\/Guide-Angleterre-3-819x1024.png 819w, https:\/\/haerenga-voyage.com\/wp-content\/uploads\/2026\/04\/Guide-Angleterre-3-768x960.png 768w\" sizes=\"auto, (max-width: 1080px) 100vw, 1080px\" \/><\/a><\/figure>\n\n\n<div class=\"wp-block-group has-raft-bg-alt-background-color has-background is-layout-constrained wp-container-core-group-is-layout-455aa0f5 wp-block-group-is-layout-constrained\" style=\"padding-top:var(--wp--preset--spacing--60);padding-right:var(--wp--preset--spacing--60);padding-bottom:var(--wp--preset--spacing--60);padding-left:var(--wp--preset--spacing--60)\">\n<div class=\"wp-block-group is-content-justification-space-between is-nowrap is-layout-flex wp-container-core-group-is-layout-cb46ffcb wp-block-group-is-layout-flex\"><div class=\"taxonomy-category has-text-align-center wp-block-post-terms has-small-font-size\"><a href=\"https:\/\/haerenga-voyage.com\/index.php\/category\/uncategorized\/\" rel=\"tag\">Uncategorized<\/a><\/div>\n\n<div class=\"has-text-align-center wp-block-post-date has-small-font-size\"><time datetime=\"2026-04-01T10:35:14+00:00\">1 avril 2026<\/time><\/div><\/div>\n\n\n<h2 class=\"has-text-align-left wp-block-post-title has-x-large-font-size\"><a href=\"https:\/\/haerenga-voyage.com\/index.php\/2026\/04\/01\/organiser-un-voyage-en-angleterre-itineraire-et-conseils\/\" target=\"_self\" >Organiser un voyage en Angleterre : itin\u00e9raire et conseils<\/a><\/h2>\n\n<div class=\"has-link-color wp-elements-8cefb2c82ec582fd7967515b9f0bcca8 wp-block-post-excerpt\"><p class=\"wp-block-post-excerpt__excerpt\">Que faire dans le sud-est de l\u2019Angleterre ? Vous avez peut-\u00eatre l\u2019Angleterre dans un coin de votre t\u00eate depuis longtemps\u2026ou vous venez simplement de d\u00e9couvrir tout ce qu\u2019elle a \u00e0 offrir. On pense souvent \u00e0 Londres en premier.Mais l\u2019Angleterre ne se r\u00e9sume pas \u00e0 sa capitale. C\u2019est un pays riche, avec des villes, des villages <a class=\"wp-block-post-excerpt__more-link\" href=\"https:\/\/haerenga-voyage.com\/index.php\/2026\/04\/01\/organiser-un-voyage-en-angleterre-itineraire-et-conseils\/\">Continuer la lecture<\/a><\/p><\/div><\/div>\n<\/div>\n\n<\/li><li class=\"wp-block-post post-340 post type-post status-publish format-standard has-post-thumbnail hentry category-angleterre\">\n\n<div class=\"wp-block-group is-layout-constrained wp-container-core-group-is-layout-7918c2e5 wp-block-group-is-layout-constrained\" style=\"margin-bottom:var(--wp--preset--spacing--60)\"><figure style=\"aspect-ratio:16\/9;\" class=\"wp-block-post-featured-image\"><a href=\"https:\/\/haerenga-voyage.com\/index.php\/2026\/03\/19\/que-faire-autour-de-londres-au-printemps-4-incontournables\/\" target=\"_self\"  ><img loading=\"lazy\" decoding=\"async\" width=\"2560\" height=\"1702\" src=\"https:\/\/haerenga-voyage.com\/wp-content\/uploads\/2026\/03\/pexels-cisiq-4782631-scaled.jpg\" class=\"attachment-post-thumbnail size-post-thumbnail wp-post-image\" alt=\"Que faire autour de Londres au printemps ? 4 villes \u00e0 d\u00e9couvrir\" style=\"width:100%;height:100%;object-fit:cover;\" srcset=\"https:\/\/haerenga-voyage.com\/wp-content\/uploads\/2026\/03\/pexels-cisiq-4782631-scaled.jpg 2560w, https:\/\/haerenga-voyage.com\/wp-content\/uploads\/2026\/03\/pexels-cisiq-4782631-300x199.jpg 300w, https:\/\/haerenga-voyage.com\/wp-content\/uploads\/2026\/03\/pexels-cisiq-4782631-1024x681.jpg 1024w, https:\/\/haerenga-voyage.com\/wp-content\/uploads\/2026\/03\/pexels-cisiq-4782631-768x511.jpg 768w, https:\/\/haerenga-voyage.com\/wp-content\/uploads\/2026\/03\/pexels-cisiq-4782631-1536x1021.jpg 1536w, https:\/\/haerenga-voyage.com\/wp-content\/uploads\/2026\/03\/pexels-cisiq-4782631-2048x1362.jpg 2048w\" sizes=\"auto, (max-width: 2560px) 100vw, 2560px\" \/><\/a><\/figure>\n\n\n<div class=\"wp-block-group has-raft-bg-alt-background-color has-background is-layout-constrained wp-container-core-group-is-layout-455aa0f5 wp-block-group-is-layout-constrained\" style=\"padding-top:var(--wp--preset--spacing--60);padding-right:var(--wp--preset--spacing--60);padding-bottom:var(--wp--preset--spacing--60);padding-left:var(--wp--preset--spacing--60)\">\n<div class=\"wp-block-group is-content-justification-space-between is-nowrap is-layout-flex wp-container-core-group-is-layout-cb46ffcb wp-block-group-is-layout-flex\"><div class=\"taxonomy-category has-text-align-center wp-block-post-terms has-small-font-size\"><a href=\"https:\/\/haerenga-voyage.com\/index.php\/category\/angleterre\/\" rel=\"tag\">Angleterre<\/a><\/div>\n\n<div class=\"has-text-align-center wp-block-post-date has-small-font-size\"><time datetime=\"2026-03-19T14:17:28+00:00\">19 mars 2026<\/time><\/div><\/div>\n\n\n<h2 class=\"has-text-align-left wp-block-post-title has-x-large-font-size\"><a href=\"https:\/\/haerenga-voyage.com\/index.php\/2026\/03\/19\/que-faire-autour-de-londres-au-printemps-4-incontournables\/\" target=\"_self\" >Que faire autour de Londres au printemps ? 4 villes \u00e0 d\u00e9couvrir<\/a><\/h2>\n\n<div class=\"has-link-color wp-elements-8cefb2c82ec582fd7967515b9f0bcca8 wp-block-post-excerpt\"><p class=\"wp-block-post-excerpt__excerpt\">Avec l\u2019arriv\u00e9e des beaux jours, l\u2019envie de s\u2019\u00e9vader et de prendre l\u2019air se fait souvent sentir. Si vous pr\u00e9voyez un s\u00e9jour \u00e0 Londres (ou que l\u2019id\u00e9e vous traverse l\u2019esprit), sachez qu\u2019il est tout \u00e0 fait possible d\u2019en profiter pour explorer les alentours. De nombreuses villes sont facilement accessibles en train et offrent des ambiances tr\u00e8s <a class=\"wp-block-post-excerpt__more-link\" href=\"https:\/\/haerenga-voyage.com\/index.php\/2026\/03\/19\/que-faire-autour-de-londres-au-printemps-4-incontournables\/\">Continuer la lecture<\/a><\/p><\/div><\/div>\n<\/div>\n\n<\/li><li class=\"wp-block-post post-239 post type-post status-publish format-standard has-post-thumbnail hentry category-angleterre\">\n\n<div class=\"wp-block-group is-layout-constrained wp-container-core-group-is-layout-7918c2e5 wp-block-group-is-layout-constrained\" style=\"margin-bottom:var(--wp--preset--spacing--60)\"><figure style=\"aspect-ratio:16\/9;\" class=\"wp-block-post-featured-image\"><a href=\"https:\/\/haerenga-voyage.com\/index.php\/2026\/02\/26\/mes-conseils-pour-organiser-son-voyage-soi-meme-a-londres\/\" target=\"_self\"  ><img loading=\"lazy\" decoding=\"async\" width=\"1200\" height=\"1200\" src=\"https:\/\/haerenga-voyage.com\/wp-content\/uploads\/2026\/02\/conseils-organiser-son-voyage-a-londres.png\" class=\"attachment-post-thumbnail size-post-thumbnail wp-post-image\" alt=\"Mes conseils pour organiser son voyage soi-m\u00eame \u00e0 Londres\" style=\"width:100%;height:100%;object-fit:cover;\" srcset=\"https:\/\/haerenga-voyage.com\/wp-content\/uploads\/2026\/02\/conseils-organiser-son-voyage-a-londres.png 1200w, https:\/\/haerenga-voyage.com\/wp-content\/uploads\/2026\/02\/conseils-organiser-son-voyage-a-londres-300x300.png 300w, https:\/\/haerenga-voyage.com\/wp-content\/uploads\/2026\/02\/conseils-organiser-son-voyage-a-londres-1024x1024.png 1024w, https:\/\/haerenga-voyage.com\/wp-content\/uploads\/2026\/02\/conseils-organiser-son-voyage-a-londres-150x150.png 150w, https:\/\/haerenga-voyage.com\/wp-content\/uploads\/2026\/02\/conseils-organiser-son-voyage-a-londres-768x768.png 768w\" sizes=\"auto, (max-width: 1200px) 100vw, 1200px\" \/><\/a><\/figure>\n\n\n<div class=\"wp-block-group has-raft-bg-alt-background-color has-background is-layout-constrained wp-container-core-group-is-layout-455aa0f5 wp-block-group-is-layout-constrained\" style=\"padding-top:var(--wp--preset--spacing--60);padding-right:var(--wp--preset--spacing--60);padding-bottom:var(--wp--preset--spacing--60);padding-left:var(--wp--preset--spacing--60)\">\n<div class=\"wp-block-group is-content-justification-space-between is-nowrap is-layout-flex wp-container-core-group-is-layout-cb46ffcb wp-block-group-is-layout-flex\"><div class=\"taxonomy-category has-text-align-center wp-block-post-terms has-small-font-size\"><a href=\"https:\/\/haerenga-voyage.com\/index.php\/category\/angleterre\/\" rel=\"tag\">Angleterre<\/a><\/div>\n\n<div class=\"has-text-align-center wp-block-post-date has-small-font-size\"><time datetime=\"2026-02-26T19:02:32+00:00\">26 f\u00e9vrier 2026<\/time><\/div><\/div>\n\n\n<h2 class=\"has-text-align-left wp-block-post-title has-x-large-font-size\"><a href=\"https:\/\/haerenga-voyage.com\/index.php\/2026\/02\/26\/mes-conseils-pour-organiser-son-voyage-soi-meme-a-londres\/\" target=\"_self\" >Mes conseils pour organiser son voyage soi-m\u00eame \u00e0 Londres<\/a><\/h2>\n\n<div class=\"has-link-color wp-elements-8cefb2c82ec582fd7967515b9f0bcca8 wp-block-post-excerpt\"><p class=\"wp-block-post-excerpt__excerpt\">Organiser un voyage \u00e0 Londres seul est tout \u00e0 fait possible. On trouve aujourd\u2019hui \u00e9norm\u00e9ment d\u2019informations en ligne : des itin\u00e9raires, des blogs, des vid\u00e9os, des listes d\u2019adresses\u2026 et m\u00eame des outils d\u2019IA capables de proposer des programmes en quelques secondes. Mais face \u00e0 cette abondance, on peut aussi vite se sentir d\u00e9pass\u00e9. Si vous <a class=\"wp-block-post-excerpt__more-link\" href=\"https:\/\/haerenga-voyage.com\/index.php\/2026\/02\/26\/mes-conseils-pour-organiser-son-voyage-soi-meme-a-londres\/\">Continuer la lecture<\/a><\/p><\/div><\/div>\n<\/div>\n\n<\/li><\/ul>\n\n\n<div class=\"wp-block-group is-layout-flow wp-block-group-is-layout-flow\" style=\"margin-top:var(--wp--preset--spacing--60);margin-bottom:var(--wp--preset--spacing--60)\"><nav class=\"wp-block-query-pagination has-text-color has-raft-fg-color is-content-justification-space-between is-layout-flex wp-container-core-query-pagination-is-layout-b2891da8 wp-block-query-pagination-is-layout-flex\" aria-label=\"Pagination\">\n\n\n<div class=\"wp-block-query-pagination-numbers\"><span aria-current=\"page\" class=\"page-numbers current\">1<\/span>\n<a class=\"page-numbers\" href=\"?query-4-page=2\">2<\/a><\/div>\n\n<a href=\"\/index.php\/wp-json\/wp\/v2\/pages\/223?query-4-page=2\" class=\"wp-block-query-pagination-next\">Page suivante<\/a>\n<\/nav><\/div>\n\n\n<\/div>\n<\/div>\n","protected":false},"excerpt":{"rendered":"<p>Bienvenue sur le blog Haerenga Voyage \ud83c\udf3f Vous y trouverez des id\u00e9es de destinations, des conseils pratiques et des inspirations pour organiser vos voyages en toute s\u00e9r\u00e9nit\u00e9. Je vous partage ici mes d\u00e9couvertes, mes conseils et des id\u00e9es d\u2019itin\u00e9raires pour vous aider \u00e0 cr\u00e9er un voyage qui vous ressemble.<\/p>\n","protected":false},"author":1,"featured_media":0,"parent":0,"menu_order":0,"comment_status":"closed","ping_status":"closed","template":"","meta":{"_themeisle_gutenberg_block_has_review":false,"iawp_total_views":17,"footnotes":""},"class_list":["post-223","page","type-page","status-publish","hentry"],"yoast_head":"<!-- This site is optimized with the Yoast SEO plugin v27.3 - https:\/\/yoast.com\/product\/yoast-seo-wordpress\/ -->\n<title>Blog : Conseils &amp; inspirations | Haerenga Voyage - Haerenga Voyage<\/title>\n<meta name=\"description\" content=\"Inspirez-vous avec des id\u00e9es de voyage, conseils pratiques et itin\u00e9raires pour organiser votre s\u00e9jour en Angleterre et ailleurs.\" \/>\n<meta name=\"robots\" content=\"index, follow, max-snippet:-1, max-image-preview:large, max-video-preview:-1\" \/>\n<link rel=\"canonical\" href=\"https:\/\/haerenga-voyage.com\/index.php\/blog-travel-planner\/\" \/>\n<link rel=\"next\" href=\"https:\/\/haerenga-voyage.com\/index.php\/blog-travel-planner\/223?query-4-page=2\" \/>\n<meta property=\"og:locale\" content=\"fr_FR\" \/>\n<meta property=\"og:type\" content=\"article\" \/>\n<meta property=\"og:title\" content=\"Blog : Conseils &amp; inspirations | Haerenga Voyage - Haerenga Voyage\" \/>\n<meta property=\"og:description\" content=\"Inspirez-vous avec des id\u00e9es de voyage, conseils pratiques et itin\u00e9raires pour organiser votre s\u00e9jour en Angleterre et ailleurs.\" \/>\n<meta property=\"og:url\" content=\"https:\/\/haerenga-voyage.com\/index.php\/blog-travel-planner\/\" \/>\n<meta property=\"og:site_name\" content=\"Haerenga Voyage\" \/>\n<meta property=\"article:publisher\" content=\"https:\/\/www.facebook.com\/profile.php?id=61567282122041\" \/>\n<meta property=\"article:modified_time\" content=\"2026-03-19T15:13:00+00:00\" \/>\n<meta name=\"twitter:card\" content=\"summary_large_image\" \/>\n<meta name=\"twitter:label1\" content=\"Dur\u00e9e de lecture estim\u00e9e\" \/>\n\t<meta name=\"twitter:data1\" content=\"1 minute\" \/>\n<script type=\"application\/ld+json\" class=\"yoast-schema-graph\">{\"@context\":\"https:\\\/\\\/schema.org\",\"@graph\":[{\"@type\":\"WebPage\",\"@id\":\"https:\\\/\\\/haerenga-voyage.com\\\/index.php\\\/blog-travel-planner\\\/\",\"url\":\"https:\\\/\\\/haerenga-voyage.com\\\/index.php\\\/blog-travel-planner\\\/\",\"name\":\"Blog : Conseils &amp; inspirations | Haerenga Voyage - Haerenga Voyage\",\"isPartOf\":{\"@id\":\"https:\\\/\\\/haerenga-voyage.com\\\/#website\"},\"datePublished\":\"2026-02-18T17:36:42+00:00\",\"dateModified\":\"2026-03-19T15:13:00+00:00\",\"description\":\"Inspirez-vous avec des id\u00e9es de voyage, conseils pratiques et itin\u00e9raires pour organiser votre s\u00e9jour en Angleterre et ailleurs.\",\"breadcrumb\":{\"@id\":\"https:\\\/\\\/haerenga-voyage.com\\\/index.php\\\/blog-travel-planner\\\/#breadcrumb\"},\"inLanguage\":\"fr-FR\",\"potentialAction\":[{\"@type\":\"ReadAction\",\"target\":[\"https:\\\/\\\/haerenga-voyage.com\\\/index.php\\\/blog-travel-planner\\\/\"]}]},{\"@type\":\"BreadcrumbList\",\"@id\":\"https:\\\/\\\/haerenga-voyage.com\\\/index.php\\\/blog-travel-planner\\\/#breadcrumb\",\"itemListElement\":[{\"@type\":\"ListItem\",\"position\":1,\"name\":\"Accueil\",\"item\":\"https:\\\/\\\/haerenga-voyage.com\\\/\"},{\"@type\":\"ListItem\",\"position\":2,\"name\":\"Blog : Conseils &amp; inspirations | Haerenga Voyage\"}]},{\"@type\":\"WebSite\",\"@id\":\"https:\\\/\\\/haerenga-voyage.com\\\/#website\",\"url\":\"https:\\\/\\\/haerenga-voyage.com\\\/\",\"name\":\"Haerenga Voyage\",\"description\":\"Pour que chaque voyage compte\",\"publisher\":{\"@id\":\"https:\\\/\\\/haerenga-voyage.com\\\/#organization\"},\"potentialAction\":[{\"@type\":\"SearchAction\",\"target\":{\"@type\":\"EntryPoint\",\"urlTemplate\":\"https:\\\/\\\/haerenga-voyage.com\\\/?s={search_term_string}\"},\"query-input\":{\"@type\":\"PropertyValueSpecification\",\"valueRequired\":true,\"valueName\":\"search_term_string\"}}],\"inLanguage\":\"fr-FR\"},{\"@type\":\"Organization\",\"@id\":\"https:\\\/\\\/haerenga-voyage.com\\\/#organization\",\"name\":\"Haerenga Voyage\",\"url\":\"https:\\\/\\\/haerenga-voyage.com\\\/\",\"logo\":{\"@type\":\"ImageObject\",\"inLanguage\":\"fr-FR\",\"@id\":\"https:\\\/\\\/haerenga-voyage.com\\\/#\\\/schema\\\/logo\\\/image\\\/\",\"url\":\"https:\\\/\\\/haerenga-voyage.com\\\/wp-content\\\/uploads\\\/2026\\\/01\\\/Logo-principal-foral-mist.png\",\"contentUrl\":\"https:\\\/\\\/haerenga-voyage.com\\\/wp-content\\\/uploads\\\/2026\\\/01\\\/Logo-principal-foral-mist.png\",\"width\":1000,\"height\":1000,\"caption\":\"Haerenga Voyage\"},\"image\":{\"@id\":\"https:\\\/\\\/haerenga-voyage.com\\\/#\\\/schema\\\/logo\\\/image\\\/\"},\"sameAs\":[\"https:\\\/\\\/www.facebook.com\\\/profile.php?id=61567282122041\",\"https:\\\/\\\/www.instagram.com\\\/haerengavoyage\"]}]}<\/script>\n<!-- \/ Yoast SEO plugin. -->","yoast_head_json":{"title":"Blog : Conseils &amp; inspirations | Haerenga Voyage - Haerenga Voyage","description":"Inspirez-vous avec des id\u00e9es de voyage, conseils pratiques et itin\u00e9raires pour organiser votre s\u00e9jour en Angleterre et ailleurs.","robots":{"index":"index","follow":"follow","max-snippet":"max-snippet:-1","max-image-preview":"max-image-preview:large","max-video-preview":"max-video-preview:-1"},"canonical":"https:\/\/haerenga-voyage.com\/index.php\/blog-travel-planner\/","next":"https:\/\/haerenga-voyage.com\/index.php\/blog-travel-planner\/223?query-4-page=2","og_locale":"fr_FR","og_type":"article","og_title":"Blog : Conseils &amp; inspirations | Haerenga Voyage - Haerenga Voyage","og_description":"Inspirez-vous avec des id\u00e9es de voyage, conseils pratiques et itin\u00e9raires pour organiser votre s\u00e9jour en Angleterre et ailleurs.","og_url":"https:\/\/haerenga-voyage.com\/index.php\/blog-travel-planner\/","og_site_name":"Haerenga Voyage","article_publisher":"https:\/\/www.facebook.com\/profile.php?id=61567282122041","article_modified_time":"2026-03-19T15:13:00+00:00","twitter_card":"summary_large_image","twitter_misc":{"Dur\u00e9e de lecture estim\u00e9e":"1 minute"},"schema":{"@context":"https:\/\/schema.org","@graph":[{"@type":"WebPage","@id":"https:\/\/haerenga-voyage.com\/index.php\/blog-travel-planner\/","url":"https:\/\/haerenga-voyage.com\/index.php\/blog-travel-planner\/","name":"Blog : Conseils &amp; inspirations | Haerenga Voyage - Haerenga Voyage","isPartOf":{"@id":"https:\/\/haerenga-voyage.com\/#website"},"datePublished":"2026-02-18T17:36:42+00:00","dateModified":"2026-03-19T15:13:00+00:00","description":"Inspirez-vous avec des id\u00e9es de voyage, conseils pratiques et itin\u00e9raires pour organiser votre s\u00e9jour en Angleterre et ailleurs.","breadcrumb":{"@id":"https:\/\/haerenga-voyage.com\/index.php\/blog-travel-planner\/#breadcrumb"},"inLanguage":"fr-FR","potentialAction":[{"@type":"ReadAction","target":["https:\/\/haerenga-voyage.com\/index.php\/blog-travel-planner\/"]}]},{"@type":"BreadcrumbList","@id":"https:\/\/haerenga-voyage.com\/index.php\/blog-travel-planner\/#breadcrumb","itemListElement":[{"@type":"ListItem","position":1,"name":"Accueil","item":"https:\/\/haerenga-voyage.com\/"},{"@type":"ListItem","position":2,"name":"Blog : Conseils &amp; inspirations | Haerenga Voyage"}]},{"@type":"WebSite","@id":"https:\/\/haerenga-voyage.com\/#website","url":"https:\/\/haerenga-voyage.com\/","name":"Haerenga Voyage","description":"Pour que chaque voyage compte","publisher":{"@id":"https:\/\/haerenga-voyage.com\/#organization"},"potentialAction":[{"@type":"SearchAction","target":{"@type":"EntryPoint","urlTemplate":"https:\/\/haerenga-voyage.com\/?s={search_term_string}"},"query-input":{"@type":"PropertyValueSpecification","valueRequired":true,"valueName":"search_term_string"}}],"inLanguage":"fr-FR"},{"@type":"Organization","@id":"https:\/\/haerenga-voyage.com\/#organization","name":"Haerenga Voyage","url":"https:\/\/haerenga-voyage.com\/","logo":{"@type":"ImageObject","inLanguage":"fr-FR","@id":"https:\/\/haerenga-voyage.com\/#\/schema\/logo\/image\/","url":"https:\/\/haerenga-voyage.com\/wp-content\/uploads\/2026\/01\/Logo-principal-foral-mist.png","contentUrl":"https:\/\/haerenga-voyage.com\/wp-content\/uploads\/2026\/01\/Logo-principal-foral-mist.png","width":1000,"height":1000,"caption":"Haerenga Voyage"},"image":{"@id":"https:\/\/haerenga-voyage.com\/#\/schema\/logo\/image\/"},"sameAs":["https:\/\/www.facebook.com\/profile.php?id=61567282122041","https:\/\/www.instagram.com\/haerengavoyage"]}]}},"_links":{"self":[{"href":"https:\/\/haerenga-voyage.com\/index.php\/wp-json\/wp\/v2\/pages\/223","targetHints":{"allow":["GET"]}}],"collection":[{"href":"https:\/\/haerenga-voyage.com\/index.php\/wp-json\/wp\/v2\/pages"}],"about":[{"href":"https:\/\/haerenga-voyage.com\/index.php\/wp-json\/wp\/v2\/types\/page"}],"author":[{"embeddable":true,"href":"https:\/\/haerenga-voyage.com\/index.php\/wp-json\/wp\/v2\/users\/1"}],"replies":[{"embeddable":true,"href":"https:\/\/haerenga-voyage.com\/index.php\/wp-json\/wp\/v2\/comments?post=223"}],"version-history":[{"count":11,"href":"https:\/\/haerenga-voyage.com\/index.php\/wp-json\/wp\/v2\/pages\/223\/revisions"}],"predecessor-version":[{"id":386,"href":"https:\/\/haerenga-voyage.com\/index.php\/wp-json\/wp\/v2\/pages\/223\/revisions\/386"}],"wp:attachment":[{"href":"https:\/\/haerenga-voyage.com\/index.php\/wp-json\/wp\/v2\/media?parent=223"}],"curies":[{"name":"wp","href":"https:\/\/api.w.org\/{rel}","templated":true}]}}